{"id":141,"date":"2014-07-31T16:17:58","date_gmt":"2014-07-31T16:17:58","guid":{"rendered":"http:\/\/projectes.fundesplai.org\/?page_id=141"},"modified":"2014-12-15T16:02:12","modified_gmt":"2014-12-15T15:02:12","slug":"uramanta-cochabamba","status":"publish","type":"page","link":"https:\/\/projectes.fundesplai.org\/cochabambasantjoandespi\/uramanta-cochabamba\/","title":{"rendered":"URAMANTA-Cochabamba"},"content":{"rendered":"<h1 style=\"text-align: justify\"><a title=\"ENTIDAD BOLIVIANA\" href=\"http:\/\/www.uramanta.org\/\" target=\"_blank\">FUNDACI\u00d3N SOCIAL URAMANTA<\/a><\/h1>\n<p style=\"text-align: justify\"><strong>VISI\u00d3N<\/strong><\/p>\n<p style=\"text-align: justify\">La Fundaci\u00f3n Social Uramanta, se ha consolidado como una instituci\u00f3n que contribuye en la construcci\u00f3n de una sociedad justa, equitativa y solidaria, desde la opci\u00f3n preferencial por los m\u00e1s pobres, en el marco del di\u00e1logo intercultural y una sociedad participativa donde los ni\u00f1os, ni\u00f1as, j\u00f3venes, mujeres y hombres viven su fe.<\/p>\n<p style=\"text-align: justify\"><strong>MISI\u00d3N<\/strong><\/p>\n<p style=\"text-align: justify\">Uramanta es una Fundaci\u00f3n social sin fines de lucro constituida por la Compa\u00f1\u00eda de Jes\u00fas, conformada por un equipo comprometido que contribuye a la transformaci\u00f3n social y el desarrollo humano con y para los ni\u00f1os, ni\u00f1as, j\u00f3venes, mujeres, hombres y las organizaciones de Cochabamba, con preferencia de la zona sur, en el contexto de su cosmovisi\u00f3n cultural.<\/p>\n<p style=\"text-align: justify\"><strong>VALORES Y PRINCIPIOS<\/strong><\/p>\n<p style=\"text-align: justify\">En la FSU los principios son reglas que existen y que se las debe respetar y actuar seg\u00fan ellos en el marco institucional. Y los valores en la FSU son pautas de comportamiento y conducta deseables que se promueven hacia la sociedad.<\/p>\n<p style=\"text-align: justify\"><a href=\"https:\/\/projectes.fundesplai.org\/cochabambasantjoandespi\/wp-content\/uploads\/sites\/16\/2014\/07\/DSC02094.jpg\"><img loading=\"lazy\" decoding=\"async\" class=\"aligncenter size-large wp-image-425\" src=\"https:\/\/projectes.fundesplai.org\/cochabambasantjoandespi\/wp-content\/uploads\/sites\/16\/2014\/07\/DSC02094-1024x768.jpg\" alt=\"DSC02094\" width=\"625\" height=\"468\" srcset=\"https:\/\/projectes.fundesplai.org\/cochabambasantjoandespi\/wp-content\/uploads\/sites\/16\/2014\/07\/DSC02094-1024x768.jpg 1024w, https:\/\/projectes.fundesplai.org\/cochabambasantjoandespi\/wp-content\/uploads\/sites\/16\/2014\/07\/DSC02094-300x225.jpg 300w, https:\/\/projectes.fundesplai.org\/cochabambasantjoandespi\/wp-content\/uploads\/sites\/16\/2014\/07\/DSC02094-624x468.jpg 624w, https:\/\/projectes.fundesplai.org\/cochabambasantjoandespi\/wp-content\/uploads\/sites\/16\/2014\/07\/DSC02094.jpg 1920w\" sizes=\"auto, (max-width: 625px) 100vw, 625px\" \/><\/a><\/p>\n<p style=\"text-align: justify\"><strong>VALORES QUE LA FSU PROMUEVE HACIA LA SOCIEDAD:<\/strong><\/p>\n<p style=\"text-align: justify\">1) La justicia: La FSU trabaja por fortalecer, optimizar y promover un trato digno, justo y equitativo, que facilita el acceso de la poblaci\u00f3n al ejercicio pleno de sus derechos y obligaciones.<\/p>\n<p style=\"text-align: justify\">2) La democracia: La FSU estimula y fortalece la capacidad para una convivencia democr\u00e1tica a partir de la participaci\u00f3n protag\u00f3nica de los actores sociales, la construcci\u00f3n de ciudadan\u00eda, la toma de decisiones y la gesti\u00f3n responsable de la poblaci\u00f3n con un esp\u00edritu de compromiso y solidario.<\/p>\n<p style=\"text-align: justify\">3) La equidad: La FSU reconoce y promueve una cultura de igualdad de oportunidades y acceso a recursos que priorice a los sectores m\u00e1s vulnerables de la sociedad.<\/p>\n<p style=\"text-align: justify\">4) La solidaridad: La FSU es un espacio abierto para convivir y compartir los saberes y recursos en el marco de la reciprocidad con la comunidad y sus organizaciones.<\/p>\n<p style=\"text-align: justify\">5) Di\u00e1logo: La FSU motiva la pr\u00e1ctica del di\u00e1logo, el encuentro y la interacci\u00f3n en la poblaci\u00f3n, buscando el inter\u00e9s com\u00fan y la cooperaci\u00f3n social con apertura, escucha y respeto mutuo.<\/p>\n<p style=\"text-align: justify\">6) Interculturalidad: La FSU promueve la convivencia, di\u00e1logo e interacci\u00f3n conjunta entre culturas diversas como valor que reconoce y armoniza la diversidad, propiciando una interrelaci\u00f3n respetuosa y de complementariedad, donde se concibe que ning\u00fan grupo cultural est\u00e9 por encima del otro.<\/p>\n<p style=\"text-align: justify\"><a href=\"https:\/\/projectes.fundesplai.org\/cochabambasantjoandespi\/wp-content\/uploads\/sites\/16\/2014\/07\/DSC02091.jpg\"><img loading=\"lazy\" decoding=\"async\" class=\"aligncenter size-large wp-image-426\" src=\"https:\/\/projectes.fundesplai.org\/cochabambasantjoandespi\/wp-content\/uploads\/sites\/16\/2014\/07\/DSC02091-1024x768.jpg\" alt=\"DSC02091\" width=\"625\" height=\"468\" srcset=\"https:\/\/projectes.fundesplai.org\/cochabambasantjoandespi\/wp-content\/uploads\/sites\/16\/2014\/07\/DSC02091-1024x768.jpg 1024w, https:\/\/projectes.fundesplai.org\/cochabambasantjoandespi\/wp-content\/uploads\/sites\/16\/2014\/07\/DSC02091-300x225.jpg 300w, https:\/\/projectes.fundesplai.org\/cochabambasantjoandespi\/wp-content\/uploads\/sites\/16\/2014\/07\/DSC02091-624x468.jpg 624w, https:\/\/projectes.fundesplai.org\/cochabambasantjoandespi\/wp-content\/uploads\/sites\/16\/2014\/07\/DSC02091.jpg 1920w\" sizes=\"auto, (max-width: 625px) 100vw, 625px\" \/><\/a><\/p>\n<p style=\"text-align: justify\">7) La fraternidad: La FSU incentiva la relaci\u00f3n y v\u00ednculo establecido de la comunidad sobre la base de una identidad com\u00fan y vela por la raz\u00f3n de ser de su colectividad de una\u00a0 sociedad m\u00e1s justa y solidaria.<\/p>\n<p style=\"text-align: justify\">8) La igualdad: La FSU reconoce y promueve el derecho a la igualdad y que es inherente a todos los seres humanos ante la ley y el valor religioso de nacer iguales y de disfrutar de todos los dem\u00e1s derechos otorgados de manera incondicional, es decir, sin discriminaci\u00f3n por motivos de nacionalidad, raza, creencias o cualquier otro motivo.<\/p>\n<p style=\"text-align: justify\">9) Corresponsabilidad: La FSU promueve la actitud y la voluntad de que todos trabajen, act\u00faen o asuman responsabilidades de manera conjunta; reflejando as\u00ed una forma de vivir en armon\u00eda con las personas de la comunidad\u00a0 y de esta manera, entre todos, supone poder sacar adelante juntos los problemas de la comunidad.<\/p>\n<p style=\"text-align: justify\">10) Autocr\u00edtica: En la FSU propugnamos la reflexi\u00f3n cr\u00edtica sobre s\u00ed y de la poblaci\u00f3n acerca de nuestras ideas, valores, conductas y trabajos, buscando reconocer y asumir nuestras responsabilidades. Coadyuvamos a la capacidad de distinguir los propios defectos y, enfrent\u00e1ndolos, proponerse el cambio.<\/p>\n<p style=\"text-align: justify\"><strong>PRINCIPIOS\u00a0 RECTORES DE LA FSU EN SU ACCIONAR:<\/strong><\/p>\n<p style=\"text-align: justify\">1) Espiritualidad ignaciana: es un modo de vivir y actuar la vida en base a la excelencia para servir mejor a\u00a0 los dem\u00e1s.\u00a0 MAGIS significa un cuestionar permanente a lo establecido, lo probado, lo existente; significa no estar satisfecho y no pactar con la mediocridad.\u00a0 Magis significa mejor, mayor, superior. Entendemos como el hacer no muchas cosas, sino en profundidad. Quiere decir arrojo, hacer lo dif\u00edcil; no lo ordinario, sino lo extraordinario. Es &#8220;conocimiento interno&#8221;.<\/p>\n<p style=\"text-align: justify\">2) Opci\u00f3n por la justicia, desde la perspectiva de los m\u00e1s pobres. Es priorizar el trabajo en beneficio de la poblaci\u00f3n m\u00e1s pobre con respuestas concretas basadas en la realidad, revisando continuamente el contexto y buscando coherencia en las acciones. Es trabajar por una sociedad construida sobre los cimientos de la justicia social.<\/p>\n<p style=\"text-align: justify\">3) Protagonismo de los agentes locales. Se reconoce la actor\u00eda y participaci\u00f3n preponderante de la poblaci\u00f3n, su liderazgo en los procesos de desarrollo tanto de las personas como de las organizaciones para que tomen decisiones que afectan su vida, la de su familia y la de su comunidad.<\/p>\n<p style=\"text-align: justify\">4) Independencia partidaria. No tomamos parte de grupos pol\u00edticos partidistas. No\u00a0 dependemos ni servimos a\u00a0 ning\u00fan inter\u00e9s sectario o partidario, de car\u00e1cter pol\u00edtico, econ\u00f3mico, religioso o ideol\u00f3gico.<\/p>\n<p style=\"text-align: justify\">5) Respeto a la diferencia. Se reconoce y respeta a otros como diferentes. A partir de la diferencia se espera encontrar denominadores y desaf\u00edos comunes en la b\u00fasqueda de la justicia social.<\/p>\n<p style=\"text-align: justify\"><a href=\"https:\/\/projectes.fundesplai.org\/cochabambasantjoandespi\/wp-content\/uploads\/sites\/16\/2014\/07\/DSC02099.jpg\"><img loading=\"lazy\" decoding=\"async\" class=\"aligncenter size-large wp-image-427\" src=\"https:\/\/projectes.fundesplai.org\/cochabambasantjoandespi\/wp-content\/uploads\/sites\/16\/2014\/07\/DSC02099-1024x768.jpg\" alt=\"DSC02099\" width=\"625\" height=\"468\" srcset=\"https:\/\/projectes.fundesplai.org\/cochabambasantjoandespi\/wp-content\/uploads\/sites\/16\/2014\/07\/DSC02099-1024x768.jpg 1024w, https:\/\/projectes.fundesplai.org\/cochabambasantjoandespi\/wp-content\/uploads\/sites\/16\/2014\/07\/DSC02099-300x225.jpg 300w, https:\/\/projectes.fundesplai.org\/cochabambasantjoandespi\/wp-content\/uploads\/sites\/16\/2014\/07\/DSC02099-624x468.jpg 624w, https:\/\/projectes.fundesplai.org\/cochabambasantjoandespi\/wp-content\/uploads\/sites\/16\/2014\/07\/DSC02099.jpg 1920w\" sizes=\"auto, (max-width: 625px) 100vw, 625px\" \/><\/a><\/p>\n<p style=\"text-align: justify\">6). Participaci\u00f3n. En la FSU fomentamos el esp\u00edritu participativo potenciando la iniciativa, la creatividad y el empe\u00f1o productivo de la poblaci\u00f3n como parte del desenvolvimiento individual y de pertenencia a la misi\u00f3n y a las realizaciones de nuestra comunidad.<\/p>\n<p style=\"text-align: justify\">7) Compromiso: En la FSU damos nuestras capacidades para sacar adelante todo aquello que se nos ha confiado y nuestra conciencia ha aceptado. Tomamos decisiones y acciones para hacer que lo que se tenga que vivir en comunidad, sea digno, respetuoso y sobre todo se establezcan pautas de apoyo a los m\u00e1s pobres.<\/p>\n<p style=\"text-align: justify\">8) Reciprocidad. La FSU promueve la correspondencia mutua en todo grupo social. Reconocemos el valor de pr\u00e1cticas como el ayni y las pr\u00e1cticas culturales de ayuda mutua. La reciprocidad puede asociarse a la frase que indica \u201choy por ti, ma\u00f1ana por m\u00ed\u201d ya que implica hacer por el otro lo que el otro hizo por uno.<\/p>\n<p style=\"text-align: justify\">9) Ecumenismo. La FSU busca y motiva la unidad de los cristianos. Reconocemos el ecumenismo como la posibilidad de vivir y practicar nuestra fe en toda su dimensi\u00f3n y con toda su posibilidad de ser, sentirnos y sabernos Iglesia Cristiana.<\/p>\n<p style=\"text-align: justify\">10) Valores cristianos. Y en general la FSU promueve los valores cristianos que Dios ha querido ense\u00f1arnos, como la humildad, la abnegaci\u00f3n, la caridad fraterna, etc<\/p>\n","protected":false},"excerpt":{"rendered":"<p>FUNDACI\u00d3N SOCIAL URAMANTA VISI\u00d3N La Fundaci\u00f3n Social Uramanta, se ha consolidado como una instituci\u00f3n que contribuye en la construcci\u00f3n de una sociedad justa, equitativa y solidaria, desde la opci\u00f3n preferencial por los m\u00e1s pobres, en el marco del di\u00e1logo intercultural y una sociedad participativa donde los ni\u00f1os, ni\u00f1as, j\u00f3venes, mujeres y hombres viven su fe.<span class=\"continue-reading\"> <a href=\"https:\/\/projectes.fundesplai.org\/cochabambasantjoandespi\/uramanta-cochabamba\/\">Continua llegint <span class=\"meta-nav\">&rarr;<\/span><\/a><\/span><\/p>\n","protected":false},"author":8,"featured_media":0,"parent":0,"menu_order":0,"comment_status":"open","ping_status":"open","template":"","meta":{"footnotes":""},"class_list":["post-141","page","type-page","status-publish","hentry"],"_links":{"self":[{"href":"https:\/\/projectes.fundesplai.org\/cochabambasantjoandespi\/wp-json\/wp\/v2\/pages\/141","targetHints":{"allow":["GET"]}}],"collection":[{"href":"https:\/\/projectes.fundesplai.org\/cochabambasantjoandespi\/wp-json\/wp\/v2\/pages"}],"about":[{"href":"https:\/\/projectes.fundesplai.org\/cochabambasantjoandespi\/wp-json\/wp\/v2\/types\/page"}],"author":[{"embeddable":true,"href":"https:\/\/projectes.fundesplai.org\/cochabambasantjoandespi\/wp-json\/wp\/v2\/users\/8"}],"replies":[{"embeddable":true,"href":"https:\/\/projectes.fundesplai.org\/cochabambasantjoandespi\/wp-json\/wp\/v2\/comments?post=141"}],"version-history":[{"count":4,"href":"https:\/\/projectes.fundesplai.org\/cochabambasantjoandespi\/wp-json\/wp\/v2\/pages\/141\/revisions"}],"predecessor-version":[{"id":428,"href":"https:\/\/projectes.fundesplai.org\/cochabambasantjoandespi\/wp-json\/wp\/v2\/pages\/141\/revisions\/428"}],"wp:attachment":[{"href":"https:\/\/projectes.fundesplai.org\/cochabambasantjoandespi\/wp-json\/wp\/v2\/media?parent=141"}],"curies":[{"name":"wp","href":"https:\/\/api.w.org\/{rel}","templated":true}]}}